{"id":681,"date":"2016-12-30T23:14:12","date_gmt":"2016-12-30T22:14:12","guid":{"rendered":"http:\/\/instalaciondetarimas.com\/tarima-exterior\/?page_id=681"},"modified":"2020-12-07T12:27:19","modified_gmt":"2020-12-07T11:27:19","slug":"forma-de-compra","status":"publish","type":"page","link":"https:\/\/instalaciondetarimas.com\/tarima-exterior\/forma-de-compra\/","title":{"rendered":"FORMA DE COMPRA"},"content":{"rendered":"<p><strong>C\u00f3mo solicitar un presupuesto<\/strong><\/p>\n<ul>\n<li>Para realizar presupuestos el cliente deber\u00e1 facilitar sus datos fiscales (nombre, DNI \u00f3 CIF, direcci\u00f3n fiscal y direcci\u00f3n de entrega).<\/li>\n<li>Descripci\u00f3n t\u00e9cnica del lugar de instalaci\u00f3n, plano t\u00e9cnico, medidas en metros cuadrados y longitudes de los lados.<\/li>\n<li>Fotos del lugar de la instalaci\u00f3n.<\/li>\n<\/ul>\n<p><strong>Forma de compra de la tarima<br \/>\n<\/strong><\/p>\n<ol>\n<li>La atenci\u00f3n en nuestras oficinas es mediante cita previa.<\/li>\n<li>Para realizar presupuestos el cliente deber\u00e1 facilitar sus datos fiscales (nombre, DNI \u00f3 CIF, direcci\u00f3n fiscal y direcci\u00f3n de entrega).<\/li>\n<li>En el caso de que el cliente quiera una muestra, el cliente abonar\u00e1 los gastos de env\u00edo y devoluci\u00f3n de la muestra. A la devoluci\u00f3n de la muestras se le reintegrar\u00e1 el valor de la muestra. En el caso de compra se restar\u00e1 del presupuesto los gastos de env\u00edo y devoluci\u00f3n de la muestra.<\/li>\n<li>Puede ver en este enlace: <a href=\"https:\/\/instalaciondetarimas.com\/muestras-de-tarima-maciza\/\" target=\"_blank\" rel=\"nofollow noopener noreferrer\">como solicitar una muestra<\/a>.<\/li>\n<li>Aceptaci\u00f3n y firma de presupuesto detallado.<\/li>\n<li>Fotocopia de DNI y datos del cliente.<\/li>\n<li>Direcci\u00f3n fiscal para la facturaci\u00f3n y direcci\u00f3n de entrega del material.<\/li>\n<li>Firma de contrato de compraventa para cualquier cantidad de tarima.<\/li>\n<li>Los pagos se efectuan mediante transferencia bancaria, no se aceptan pagos en mano.<\/li>\n<li>Si el titular del contrato no coincidiera con el titular de la transferencia basta con que el titular del contrato nos haga saber qui\u00e9n realizar\u00e1 la transferencia por escrito o por una captura de pantalla.<\/li>\n<li>Plazos de entrega entre 9 \u00f3 10 d\u00edas, en el caso de que haya stock disponible, a partir de hecho efectivo el ingreso o transferencia. En el caso de fabricaciones fuera de stock se comunicar\u00e1 al cliente los plazos de entrega espec\u00edficos.<\/li>\n<li>Cabe an\u0303adir que en ocasiones puede haber retrasos por parte de la agencia de transporte de los cuales no somos responsables.<\/li>\n<li>En el caso de accidentes en el transporte los materiales van asegurados y el cliente recibiri\u0301a los materiales posteriormente al cobro del seguro.<\/li>\n<li>En el caso de que el cliente reciba alg\u00fan material defectuoso, golpeado durante el transporte,\u00a0 se le enviar\u00e1n piezas nuevas sustituyendo las defectuosas sin coste alguno. El cliente deber\u00e1 entregar las piezas defectuosas. En la entrega el cliente deber\u00e1 detallar en el albar\u00e1n de entrega los deperfectos.<\/li>\n<\/ol>\n<p><strong>C\u00f3mo recibir el presupuesto<br \/>\n<\/strong><\/p><!--CusAds0-->\n<ul>\n<li>Se genera una p\u00e1gina web de cliente, donde el cliente puede descargar su presupuesto, descargar el contrato de garant\u00eda.<\/li>\n<li>La agilidad de este sistema permite al cliente descargarse el presupuesto con su contrase\u00f1a propia en cualquier lugar<\/li>\n<li>Adem\u00e1s si el cliente solicita otras opciones de presupuesto se pueden a\u00f1adir nuevos documentos.<\/li>\n<li>En la p\u00e1gina de cliente se a\u00f1aden art\u00edculos relativos al tipo de madera o tipo de instalaci\u00f3n que solicita el cliente, descripciones del producto, etc.<\/li>\n<\/ul>\n<p><img loading=\"lazy\" decoding=\"async\" class=\"aligncenter size-full wp-image-4395\" src=\"https:\/\/instalaciondetarimas.com\/wp-content\/uploads\/modo-de-compra.gif\" alt=\"\" width=\"668\" height=\"928\" \/><\/p>\n<p><strong>\u00bfPor qu\u00e9 es importante un contrato?<br \/>\n<\/strong><\/p>\n<ul>\n<li>En el contrato se especifica la garant\u00eda de los materiales. 10 a\u00f1os de garant\u00eda en los materiales y 10 a\u00f1os de garant\u00eda sobre la instalaci\u00f3n.<\/li>\n<li>Tambi\u00e9n el contrato, en el caso de la venta de los materiales sin instalaci\u00f3n, informa al cliente de como se debe instalar para mantener la garant\u00eda. Es una forma de que el cliente supervise la instalaci\u00f3n.<\/li>\n<li>En el caso de la tarima de exterior la garant\u00eda de los materiales y de la instalaci\u00f3n est\u00e1 sujeta a un contrato de mantenimiento.<\/li>\n<\/ul>\n<p><strong>Especificaciones<br \/>\n<\/strong><\/p>\n<ol>\n<li>Todos nuestros productos llevan los certificados\u00a0m\u00e1s exigentes que garantizan la m\u00e1xima calidad. Los paquetes de la tarima llevan impreso sus certificados y n\u00famero de serie. Se indica en el embalaje el tipo de certificados que lleve: AENOR, IQNET, FSC, AIDICO, CIS, BONA, AIDIMA, AITIM. etc.<\/li>\n<li>Sobre las tarimas en liquidaci\u00f3n no se aceptan reservas, ni se reservan los materiales.<\/li>\n<li>En las instalaciones de exterior indicamos 10 a\u00f1os de garant\u00eda con la condici\u00f3n de que el cliente compre nuestros productos de mantenimiento o haga un contrato de mantenimiento.<\/li>\n<li>Si el cliente decide instalar el material por su cuenta en el contrato se especifica como se debe instalar y es el cliente el que se hace responsable de su propia instalaci\u00f3n.<\/li>\n<\/ol>\n<p>Firma: M\u00e1ximo Ribas Loureiro<\/p>\n<p>| Venta directa \u00abonline\u00bb en Espa\u00f1a y cualquier parte de Europa | <strong>636 52 04 08<\/strong> | | <a title=\"mailto:tarima@instalaciondetarimas.com?subject=\" href=\"mailto:tarima@instalaciondetarimas.com?subject=\">tarima@instalaciondetarimas.com<\/a> | | <a href=\"https:\/\/plus.google.com\/+Instalaciondetarimas\/posts\" target=\"_blank\" rel=\"noopener noreferrer\">Puedes seguirnos en Google +\u00a0 <\/a>| <a href=\"https:\/\/www.facebook.com\/instalacionyventadetarimas\/\" target=\"_blank\" rel=\"noopener noreferrer\">Facebook<\/a> |<\/p>\n<div class=\"7d133950727d7d7fabd868cef9729e91\" data-index=\"1\" style=\"float: none; margin:10px 0 10px 0; text-align:center;\">\n<script async src=\"\/\/pagead2.googlesyndication.com\/pagead\/js\/adsbygoogle.js\"><\/script>\r\n<!-- MINIMAL -->\r\n<ins class=\"adsbygoogle\"\r\n     style=\"display:block\"\r\n     data-ad-client=\"ca-pub-5350189522639204\"\r\n     data-ad-slot=\"2323043779\"\r\n     data-ad-format=\"auto\"><\/ins>\r\n<script>\r\n(adsbygoogle = window.adsbygoogle || []).push({});\r\n<\/script>\n<\/div>\n\n<div style=\"font-size: 0px; height: 0px; line-height: 0px; margin: 0; padding: 0; clear: both;\"><\/div>","protected":false},"excerpt":{"rendered":"<p>C\u00f3mo solicitar un presupuesto Para realizar presupuestos el cliente deber\u00e1 facilitar sus datos fiscales (nombre, DNI \u00f3 CIF, direcci\u00f3n fiscal y direcci\u00f3n de entrega). Descripci\u00f3n t\u00e9cnica del lugar de instalaci\u00f3n, plano t\u00e9cnico, medidas en metros cuadrados y longitudes de los lados. Fotos del lugar de la instalaci\u00f3n. Forma de compra de la tarima La atenci\u00f3n [&hellip;]<\/p>\n","protected":false},"author":1,"featured_media":0,"parent":0,"menu_order":0,"comment_status":"closed","ping_status":"closed","template":"","meta":{"footnotes":""},"class_list":["post-681","page","type-page","status-publish","hentry"],"yoast_head":"<!-- This site is optimized with the Yoast SEO plugin v27.1.1 - https:\/\/yoast.com\/product\/yoast-seo-wordpress\/ -->\n<title>FORMA DE COMPRA - ofertas de tarima exterior con la mejor calidad y precio<\/title>\n<meta name=\"robots\" content=\"index, follow, max-snippet:-1, max-image-preview:large, max-video-preview:-1\" \/>\n<link rel=\"canonical\" href=\"https:\/\/instalaciondetarimas.com\/tarima-exterior\/forma-de-compra\/\" \/>\n<meta property=\"og:locale\" content=\"es_ES\" \/>\n<meta property=\"og:type\" content=\"article\" \/>\n<meta property=\"og:title\" content=\"FORMA DE COMPRA - ofertas de tarima exterior con la mejor calidad y precio\" \/>\n<meta property=\"og:description\" content=\"C\u00f3mo solicitar un presupuesto Para realizar presupuestos el cliente deber\u00e1 facilitar sus datos fiscales (nombre, DNI \u00f3 CIF, direcci\u00f3n fiscal y direcci\u00f3n de entrega). Descripci\u00f3n t\u00e9cnica del lugar de instalaci\u00f3n, plano t\u00e9cnico, medidas en metros cuadrados y longitudes de los lados. Fotos del lugar de la instalaci\u00f3n. Forma de compra de la tarima La atenci\u00f3n [&hellip;]\" \/>\n<meta property=\"og:url\" content=\"https:\/\/instalaciondetarimas.com\/tarima-exterior\/forma-de-compra\/\" \/>\n<meta property=\"og:site_name\" content=\"ofertas de tarima exterior con la mejor calidad y precio\" \/>\n<meta property=\"article:modified_time\" content=\"2020-12-07T11:27:19+00:00\" \/>\n<meta name=\"twitter:card\" content=\"summary_large_image\" \/>\n<meta name=\"twitter:label1\" content=\"Tiempo de lectura\" \/>\n\t<meta name=\"twitter:data1\" content=\"4 minutos\" \/>\n<script type=\"application\/ld+json\" class=\"yoast-schema-graph\">{\"@context\":\"https:\/\/schema.org\",\"@graph\":[{\"@type\":\"WebPage\",\"@id\":\"https:\/\/instalaciondetarimas.com\/tarima-exterior\/forma-de-compra\/\",\"url\":\"https:\/\/instalaciondetarimas.com\/tarima-exterior\/forma-de-compra\/\",\"name\":\"FORMA DE COMPRA - ofertas de tarima exterior con la mejor calidad y precio\",\"isPartOf\":{\"@id\":\"https:\/\/instalaciondetarimas.com\/tarima-exterior\/#website\"},\"primaryImageOfPage\":{\"@id\":\"https:\/\/instalaciondetarimas.com\/tarima-exterior\/forma-de-compra\/#primaryimage\"},\"image\":{\"@id\":\"https:\/\/instalaciondetarimas.com\/tarima-exterior\/forma-de-compra\/#primaryimage\"},\"thumbnailUrl\":\"https:\/\/instalaciondetarimas.com\/wp-content\/uploads\/modo-de-compra.gif\",\"datePublished\":\"2016-12-30T22:14:12+00:00\",\"dateModified\":\"2020-12-07T11:27:19+00:00\",\"breadcrumb\":{\"@id\":\"https:\/\/instalaciondetarimas.com\/tarima-exterior\/forma-de-compra\/#breadcrumb\"},\"inLanguage\":\"es\",\"potentialAction\":[{\"@type\":\"ReadAction\",\"target\":[\"https:\/\/instalaciondetarimas.com\/tarima-exterior\/forma-de-compra\/\"]}]},{\"@type\":\"ImageObject\",\"inLanguage\":\"es\",\"@id\":\"https:\/\/instalaciondetarimas.com\/tarima-exterior\/forma-de-compra\/#primaryimage\",\"url\":\"https:\/\/instalaciondetarimas.com\/wp-content\/uploads\/modo-de-compra.gif\",\"contentUrl\":\"https:\/\/instalaciondetarimas.com\/wp-content\/uploads\/modo-de-compra.gif\"},{\"@type\":\"BreadcrumbList\",\"@id\":\"https:\/\/instalaciondetarimas.com\/tarima-exterior\/forma-de-compra\/#breadcrumb\",\"itemListElement\":[{\"@type\":\"ListItem\",\"position\":1,\"name\":\"Portada\",\"item\":\"https:\/\/instalaciondetarimas.com\/tarima-exterior\/\"},{\"@type\":\"ListItem\",\"position\":2,\"name\":\"FORMA DE COMPRA\"}]},{\"@type\":\"WebSite\",\"@id\":\"https:\/\/instalaciondetarimas.com\/tarima-exterior\/#website\",\"url\":\"https:\/\/instalaciondetarimas.com\/tarima-exterior\/\",\"name\":\"ofertas de tarima exterior con la mejor calidad y precio\",\"description\":\"ofertas de tarima exterior\",\"potentialAction\":[{\"@type\":\"SearchAction\",\"target\":{\"@type\":\"EntryPoint\",\"urlTemplate\":\"https:\/\/instalaciondetarimas.com\/tarima-exterior\/?s={search_term_string}\"},\"query-input\":{\"@type\":\"PropertyValueSpecification\",\"valueRequired\":true,\"valueName\":\"search_term_string\"}}],\"inLanguage\":\"es\"}]}<\/script>\n<!-- \/ Yoast SEO plugin. -->","yoast_head_json":{"title":"FORMA DE COMPRA - ofertas de tarima exterior con la mejor calidad y precio","robots":{"index":"index","follow":"follow","max-snippet":"max-snippet:-1","max-image-preview":"max-image-preview:large","max-video-preview":"max-video-preview:-1"},"canonical":"https:\/\/instalaciondetarimas.com\/tarima-exterior\/forma-de-compra\/","og_locale":"es_ES","og_type":"article","og_title":"FORMA DE COMPRA - ofertas de tarima exterior con la mejor calidad y precio","og_description":"C\u00f3mo solicitar un presupuesto Para realizar presupuestos el cliente deber\u00e1 facilitar sus datos fiscales (nombre, DNI \u00f3 CIF, direcci\u00f3n fiscal y direcci\u00f3n de entrega). Descripci\u00f3n t\u00e9cnica del lugar de instalaci\u00f3n, plano t\u00e9cnico, medidas en metros cuadrados y longitudes de los lados. Fotos del lugar de la instalaci\u00f3n. Forma de compra de la tarima La atenci\u00f3n [&hellip;]","og_url":"https:\/\/instalaciondetarimas.com\/tarima-exterior\/forma-de-compra\/","og_site_name":"ofertas de tarima exterior con la mejor calidad y precio","article_modified_time":"2020-12-07T11:27:19+00:00","twitter_card":"summary_large_image","twitter_misc":{"Tiempo de lectura":"4 minutos"},"schema":{"@context":"https:\/\/schema.org","@graph":[{"@type":"WebPage","@id":"https:\/\/instalaciondetarimas.com\/tarima-exterior\/forma-de-compra\/","url":"https:\/\/instalaciondetarimas.com\/tarima-exterior\/forma-de-compra\/","name":"FORMA DE COMPRA - ofertas de tarima exterior con la mejor calidad y precio","isPartOf":{"@id":"https:\/\/instalaciondetarimas.com\/tarima-exterior\/#website"},"primaryImageOfPage":{"@id":"https:\/\/instalaciondetarimas.com\/tarima-exterior\/forma-de-compra\/#primaryimage"},"image":{"@id":"https:\/\/instalaciondetarimas.com\/tarima-exterior\/forma-de-compra\/#primaryimage"},"thumbnailUrl":"https:\/\/instalaciondetarimas.com\/wp-content\/uploads\/modo-de-compra.gif","datePublished":"2016-12-30T22:14:12+00:00","dateModified":"2020-12-07T11:27:19+00:00","breadcrumb":{"@id":"https:\/\/instalaciondetarimas.com\/tarima-exterior\/forma-de-compra\/#breadcrumb"},"inLanguage":"es","potentialAction":[{"@type":"ReadAction","target":["https:\/\/instalaciondetarimas.com\/tarima-exterior\/forma-de-compra\/"]}]},{"@type":"ImageObject","inLanguage":"es","@id":"https:\/\/instalaciondetarimas.com\/tarima-exterior\/forma-de-compra\/#primaryimage","url":"https:\/\/instalaciondetarimas.com\/wp-content\/uploads\/modo-de-compra.gif","contentUrl":"https:\/\/instalaciondetarimas.com\/wp-content\/uploads\/modo-de-compra.gif"},{"@type":"BreadcrumbList","@id":"https:\/\/instalaciondetarimas.com\/tarima-exterior\/forma-de-compra\/#breadcrumb","itemListElement":[{"@type":"ListItem","position":1,"name":"Portada","item":"https:\/\/instalaciondetarimas.com\/tarima-exterior\/"},{"@type":"ListItem","position":2,"name":"FORMA DE COMPRA"}]},{"@type":"WebSite","@id":"https:\/\/instalaciondetarimas.com\/tarima-exterior\/#website","url":"https:\/\/instalaciondetarimas.com\/tarima-exterior\/","name":"ofertas de tarima exterior con la mejor calidad y precio","description":"ofertas de tarima exterior","potentialAction":[{"@type":"SearchAction","target":{"@type":"EntryPoint","urlTemplate":"https:\/\/instalaciondetarimas.com\/tarima-exterior\/?s={search_term_string}"},"query-input":{"@type":"PropertyValueSpecification","valueRequired":true,"valueName":"search_term_string"}}],"inLanguage":"es"}]}},"_links":{"self":[{"href":"https:\/\/instalaciondetarimas.com\/tarima-exterior\/wp-json\/wp\/v2\/pages\/681","targetHints":{"allow":["GET"]}}],"collection":[{"href":"https:\/\/instalaciondetarimas.com\/tarima-exterior\/wp-json\/wp\/v2\/pages"}],"about":[{"href":"https:\/\/instalaciondetarimas.com\/tarima-exterior\/wp-json\/wp\/v2\/types\/page"}],"author":[{"embeddable":true,"href":"https:\/\/instalaciondetarimas.com\/tarima-exterior\/wp-json\/wp\/v2\/users\/1"}],"replies":[{"embeddable":true,"href":"https:\/\/instalaciondetarimas.com\/tarima-exterior\/wp-json\/wp\/v2\/comments?post=681"}],"version-history":[{"count":0,"href":"https:\/\/instalaciondetarimas.com\/tarima-exterior\/wp-json\/wp\/v2\/pages\/681\/revisions"}],"wp:attachment":[{"href":"https:\/\/instalaciondetarimas.com\/tarima-exterior\/wp-json\/wp\/v2\/media?parent=681"}],"curies":[{"name":"wp","href":"https:\/\/api.w.org\/{rel}","templated":true}]}}