{"id":33,"date":"2015-10-24T16:41:40","date_gmt":"2015-10-24T16:41:40","guid":{"rendered":"http:\/\/instalaciondetarimas.com\/madera-maciza-interior\/?page_id=33"},"modified":"2025-11-21T19:50:42","modified_gmt":"2025-11-21T18:50:42","slug":"contacto-tarimas","status":"publish","type":"page","link":"https:\/\/instalaciondetarimas.com\/madera-maciza-interior\/contacto-tarimas\/","title":{"rendered":"CONTACTO TARIMAS"},"content":{"rendered":"<h1>Bienvenido a intalaciondetarimas.com.<\/h1>\n<p><span style=\"font-family: arial, helvetica, sans-serif; font-size: medium;\">Somos <strong>dise\u00f1adores de interiores y exteriores singulares con madera<\/strong>. Un equipo de profesionales que dise\u00f1amos espacios con tarimas para piscinas, terrazas, cenadores, p\u00e9rgolas o cualquier construcci\u00f3n que se te ocurra, etc.<\/span><\/p>\n<p><span style=\"font-size: medium; font-family: arial,helvetica,sans-serif;\">Instalaci\u00f3n de tarimas es tambi\u00e9n una web de <strong>asesor\u00eda sobre suelos de madera para exterior e interior<\/strong>. D\u00f3nde podr\u00e1s encontrar textos t\u00e9cnicos para que t\u00fa mismo hagas tu instalaci\u00f3n con nuestro soporte t\u00e9cnico. Te vendemos todos los materiales necesarios y te ayudamos en tu proyecto, con v\u00eddeos, gr\u00e1ficos, planos, etc.<\/span><\/p>\n<p><span style=\"font-size: medium; font-family: arial,helvetica,sans-serif;\">Instalamos, reparamos y vendemos tarima de exterior y de interior.<\/span><\/p>\n<h3><strong><span style=\"color: #ff0000;\"><span style=\"color: #333333;\"><span style=\"color: #808080;\">M\u00f3vil<\/span> Whatsapp: <span style=\"color: #808080;\">0034<\/span> 636 52 04 08 \/ Fijo\u00a0<\/span><\/span><\/strong><strong><span style=\"color: #ff0000;\"><span style=\"color: #333333;\">\u00a091 890 51 61<\/span><\/span><\/strong><\/h3>\n<h3>Visitas con cita previa:<\/h3>\n<h3>Calle Retama 8, A. Puerta 19. 28200. San Lorenzo de El Escorial. Madrid.<\/h3>\n<p><span style=\"font-size: medium; font-family: arial,helvetica,sans-serif;\">15 A\u00d1OS DE GARANT\u00cdA EN NUESTRAS INSTALACIONES DE EXTERIOR<\/span><\/p>\n<p><a href=\"https:\/\/www.facebook.com\/instalacionyventadetarimas?ref=hl\" target=\"_blank\" rel=\"nofollow noopener\"><img loading=\"lazy\" decoding=\"async\" class=\"alignleft size-full wp-image-2156\" src=\"https:\/\/instalaciondetarimas.com\/wp-content\/uploads\/FACEBOOK.jpg\" alt=\"FACEBOOK\" width=\"227\" height=\"83\" \/><\/a><\/p>\n<p><a href=\"https:\/\/www.google.com\/maps\/place\/instalaciondetarimas.com\/@40.603818,-4.1298531,17z\/data=!3m1!4b1!4m5!3m4!1s0xd410bb573ed5a03:0x55c35172ee33296e!8m2!3d40.603818!4d-4.1298531\" target=\"_blank\" rel=\"noopener\"><img loading=\"lazy\" decoding=\"async\" class=\"alignleft wp-image-6023 \" src=\"https:\/\/shop.instalaciondetarimas.com\/wp-content\/uploads\/2022\/10\/OPINIONES-EN-GOOGLE.png\" alt=\"\" width=\"547\" height=\"163\" \/><\/a><\/p>\n<!--CusAds0-->\n<div style=\"font-size: 0px; height: 0px; line-height: 0px; margin: 0; padding: 0; clear: both;\"><\/div>","protected":false},"excerpt":{"rendered":"<p>Bienvenido a intalaciondetarimas.com. Somos dise\u00f1adores de interiores y exteriores singulares con madera. Un equipo de profesionales que dise\u00f1amos espacios con tarimas para piscinas, terrazas, cenadores, p\u00e9rgolas o cualquier construcci\u00f3n que se te ocurra, etc. Instalaci\u00f3n de tarimas es tambi\u00e9n una web de asesor\u00eda sobre suelos de madera para exterior e interior. D\u00f3nde podr\u00e1s encontrar textos [&hellip;]<\/p>\n","protected":false},"author":1,"featured_media":0,"parent":0,"menu_order":0,"comment_status":"closed","ping_status":"closed","template":"","meta":{"footnotes":""},"class_list":["post-33","page","type-page","status-publish","hentry"],"yoast_head":"<!-- This site is optimized with the Yoast SEO plugin v27.1.1 - https:\/\/yoast.com\/product\/yoast-seo-wordpress\/ -->\n<title>CONTACTO TARIMAS - Ofertas de tarima maciza para suelos de interior<\/title>\n<meta name=\"robots\" content=\"index, nofollow, max-snippet:-1, max-image-preview:large, max-video-preview:-1\" \/>\n<link rel=\"canonical\" href=\"https:\/\/instalaciondetarimas.com\/contacto\/\" \/>\n<meta property=\"og:locale\" content=\"es_ES\" \/>\n<meta property=\"og:type\" content=\"article\" \/>\n<meta property=\"og:title\" content=\"CONTACTO TARIMAS - Ofertas de tarima maciza para suelos de interior\" \/>\n<meta property=\"og:description\" content=\"Bienvenido a intalaciondetarimas.com. Somos dise\u00f1adores de interiores y exteriores singulares con madera. Un equipo de profesionales que dise\u00f1amos espacios con tarimas para piscinas, terrazas, cenadores, p\u00e9rgolas o cualquier construcci\u00f3n que se te ocurra, etc. Instalaci\u00f3n de tarimas es tambi\u00e9n una web de asesor\u00eda sobre suelos de madera para exterior e interior. D\u00f3nde podr\u00e1s encontrar textos [&hellip;]\" \/>\n<meta property=\"og:url\" content=\"https:\/\/instalaciondetarimas.com\/contacto\/\" \/>\n<meta property=\"og:site_name\" content=\"Ofertas de tarima maciza para suelos de interior\" \/>\n<meta property=\"article:modified_time\" content=\"2025-11-21T18:50:42+00:00\" \/>\n<meta property=\"og:image\" content=\"https:\/\/instalaciondetarimas.com\/wp-content\/uploads\/FACEBOOK.jpg\" \/>\n<meta name=\"twitter:card\" content=\"summary_large_image\" \/>\n<meta name=\"twitter:label1\" content=\"Tiempo de lectura\" \/>\n\t<meta name=\"twitter:data1\" content=\"2 minutos\" \/>\n<script type=\"application\/ld+json\" class=\"yoast-schema-graph\">{\"@context\":\"https:\/\/schema.org\",\"@graph\":[{\"@type\":\"WebPage\",\"@id\":\"https:\/\/instalaciondetarimas.com\/madera-maciza-interior\/contacto-tarimas\/\",\"url\":\"https:\/\/instalaciondetarimas.com\/contacto\/\",\"name\":\"CONTACTO TARIMAS - Ofertas de tarima maciza para suelos de interior\",\"isPartOf\":{\"@id\":\"https:\/\/instalaciondetarimas.com\/madera-maciza-interior\/#website\"},\"primaryImageOfPage\":{\"@id\":\"https:\/\/instalaciondetarimas.com\/contacto\/#primaryimage\"},\"image\":{\"@id\":\"https:\/\/instalaciondetarimas.com\/contacto\/#primaryimage\"},\"thumbnailUrl\":\"https:\/\/instalaciondetarimas.com\/wp-content\/uploads\/FACEBOOK.jpg\",\"datePublished\":\"2015-10-24T16:41:40+00:00\",\"dateModified\":\"2025-11-21T18:50:42+00:00\",\"breadcrumb\":{\"@id\":\"https:\/\/instalaciondetarimas.com\/contacto\/#breadcrumb\"},\"inLanguage\":\"es\",\"potentialAction\":[{\"@type\":\"ReadAction\",\"target\":[\"https:\/\/instalaciondetarimas.com\/contacto\/\"]}]},{\"@type\":\"ImageObject\",\"inLanguage\":\"es\",\"@id\":\"https:\/\/instalaciondetarimas.com\/contacto\/#primaryimage\",\"url\":\"https:\/\/instalaciondetarimas.com\/wp-content\/uploads\/FACEBOOK.jpg\",\"contentUrl\":\"https:\/\/instalaciondetarimas.com\/wp-content\/uploads\/FACEBOOK.jpg\"},{\"@type\":\"BreadcrumbList\",\"@id\":\"https:\/\/instalaciondetarimas.com\/contacto\/#breadcrumb\",\"itemListElement\":[{\"@type\":\"ListItem\",\"position\":1,\"name\":\"Portada\",\"item\":\"https:\/\/instalaciondetarimas.com\/madera-maciza-interior\/\"},{\"@type\":\"ListItem\",\"position\":2,\"name\":\"CONTACTO TARIMAS\"}]},{\"@type\":\"WebSite\",\"@id\":\"https:\/\/instalaciondetarimas.com\/madera-maciza-interior\/#website\",\"url\":\"https:\/\/instalaciondetarimas.com\/madera-maciza-interior\/\",\"name\":\"Ofertas de tarima maciza para suelos de interior\",\"description\":\"Ofertas de tarima maciza\",\"potentialAction\":[{\"@type\":\"SearchAction\",\"target\":{\"@type\":\"EntryPoint\",\"urlTemplate\":\"https:\/\/instalaciondetarimas.com\/madera-maciza-interior\/?s={search_term_string}\"},\"query-input\":{\"@type\":\"PropertyValueSpecification\",\"valueRequired\":true,\"valueName\":\"search_term_string\"}}],\"inLanguage\":\"es\"}]}<\/script>\n<!-- \/ Yoast SEO plugin. -->","yoast_head_json":{"title":"CONTACTO TARIMAS - Ofertas de tarima maciza para suelos de interior","robots":{"index":"index","follow":"nofollow","max-snippet":"max-snippet:-1","max-image-preview":"max-image-preview:large","max-video-preview":"max-video-preview:-1"},"canonical":"https:\/\/instalaciondetarimas.com\/contacto\/","og_locale":"es_ES","og_type":"article","og_title":"CONTACTO TARIMAS - Ofertas de tarima maciza para suelos de interior","og_description":"Bienvenido a intalaciondetarimas.com. Somos dise\u00f1adores de interiores y exteriores singulares con madera. Un equipo de profesionales que dise\u00f1amos espacios con tarimas para piscinas, terrazas, cenadores, p\u00e9rgolas o cualquier construcci\u00f3n que se te ocurra, etc. Instalaci\u00f3n de tarimas es tambi\u00e9n una web de asesor\u00eda sobre suelos de madera para exterior e interior. D\u00f3nde podr\u00e1s encontrar textos [&hellip;]","og_url":"https:\/\/instalaciondetarimas.com\/contacto\/","og_site_name":"Ofertas de tarima maciza para suelos de interior","article_modified_time":"2025-11-21T18:50:42+00:00","og_image":[{"url":"https:\/\/instalaciondetarimas.com\/wp-content\/uploads\/FACEBOOK.jpg","type":"","width":"","height":""}],"twitter_card":"summary_large_image","twitter_misc":{"Tiempo de lectura":"2 minutos"},"schema":{"@context":"https:\/\/schema.org","@graph":[{"@type":"WebPage","@id":"https:\/\/instalaciondetarimas.com\/madera-maciza-interior\/contacto-tarimas\/","url":"https:\/\/instalaciondetarimas.com\/contacto\/","name":"CONTACTO TARIMAS - Ofertas de tarima maciza para suelos de interior","isPartOf":{"@id":"https:\/\/instalaciondetarimas.com\/madera-maciza-interior\/#website"},"primaryImageOfPage":{"@id":"https:\/\/instalaciondetarimas.com\/contacto\/#primaryimage"},"image":{"@id":"https:\/\/instalaciondetarimas.com\/contacto\/#primaryimage"},"thumbnailUrl":"https:\/\/instalaciondetarimas.com\/wp-content\/uploads\/FACEBOOK.jpg","datePublished":"2015-10-24T16:41:40+00:00","dateModified":"2025-11-21T18:50:42+00:00","breadcrumb":{"@id":"https:\/\/instalaciondetarimas.com\/contacto\/#breadcrumb"},"inLanguage":"es","potentialAction":[{"@type":"ReadAction","target":["https:\/\/instalaciondetarimas.com\/contacto\/"]}]},{"@type":"ImageObject","inLanguage":"es","@id":"https:\/\/instalaciondetarimas.com\/contacto\/#primaryimage","url":"https:\/\/instalaciondetarimas.com\/wp-content\/uploads\/FACEBOOK.jpg","contentUrl":"https:\/\/instalaciondetarimas.com\/wp-content\/uploads\/FACEBOOK.jpg"},{"@type":"BreadcrumbList","@id":"https:\/\/instalaciondetarimas.com\/contacto\/#breadcrumb","itemListElement":[{"@type":"ListItem","position":1,"name":"Portada","item":"https:\/\/instalaciondetarimas.com\/madera-maciza-interior\/"},{"@type":"ListItem","position":2,"name":"CONTACTO TARIMAS"}]},{"@type":"WebSite","@id":"https:\/\/instalaciondetarimas.com\/madera-maciza-interior\/#website","url":"https:\/\/instalaciondetarimas.com\/madera-maciza-interior\/","name":"Ofertas de tarima maciza para suelos de interior","description":"Ofertas de tarima maciza","potentialAction":[{"@type":"SearchAction","target":{"@type":"EntryPoint","urlTemplate":"https:\/\/instalaciondetarimas.com\/madera-maciza-interior\/?s={search_term_string}"},"query-input":{"@type":"PropertyValueSpecification","valueRequired":true,"valueName":"search_term_string"}}],"inLanguage":"es"}]}},"_links":{"self":[{"href":"https:\/\/instalaciondetarimas.com\/madera-maciza-interior\/wp-json\/wp\/v2\/pages\/33","targetHints":{"allow":["GET"]}}],"collection":[{"href":"https:\/\/instalaciondetarimas.com\/madera-maciza-interior\/wp-json\/wp\/v2\/pages"}],"about":[{"href":"https:\/\/instalaciondetarimas.com\/madera-maciza-interior\/wp-json\/wp\/v2\/types\/page"}],"author":[{"embeddable":true,"href":"https:\/\/instalaciondetarimas.com\/madera-maciza-interior\/wp-json\/wp\/v2\/users\/1"}],"replies":[{"embeddable":true,"href":"https:\/\/instalaciondetarimas.com\/madera-maciza-interior\/wp-json\/wp\/v2\/comments?post=33"}],"version-history":[{"count":11,"href":"https:\/\/instalaciondetarimas.com\/madera-maciza-interior\/wp-json\/wp\/v2\/pages\/33\/revisions"}],"predecessor-version":[{"id":2487,"href":"https:\/\/instalaciondetarimas.com\/madera-maciza-interior\/wp-json\/wp\/v2\/pages\/33\/revisions\/2487"}],"wp:attachment":[{"href":"https:\/\/instalaciondetarimas.com\/madera-maciza-interior\/wp-json\/wp\/v2\/media?parent=33"}],"curies":[{"name":"wp","href":"https:\/\/api.w.org\/{rel}","templated":true}]}}