{"id":31,"date":"2015-10-24T16:38:07","date_gmt":"2015-10-24T16:38:07","guid":{"rendered":"http:\/\/instalaciondetarimas.com\/madera-maciza-interior\/?page_id=31"},"modified":"2022-07-23T00:34:23","modified_gmt":"2022-07-22T22:34:23","slug":"quienes-somos-en-instalacion-de-tarimas","status":"publish","type":"page","link":"https:\/\/instalaciondetarimas.com\/madera-maciza-interior\/quienes-somos-en-instalacion-de-tarimas\/","title":{"rendered":"QUIENES SOMOS EN INSTALACI\u00d3N DE TARIMAS"},"content":{"rendered":"<p>Instalaci\u00f3n de tarimas es una web de asesor\u00eda en suelos de tarima de madera maciza e instalaci\u00f3n de tarima. Instalamos, reparamos y vendemos tarima de exterior y de interior. Somos especialistas en la instalaci\u00f3n de<a href=\"https:\/\/instalaciondetarimas.com\/blog\/category\/tarima-exterior\/\" target=\"_blank\" rel=\"noopener\"> tarima de exterior<\/a> e interior.<\/p>\n<p><a href=\"https:\/\/instalaciondetarimas.com\/wp-content\/uploads\/colores-tarima-ipe.jpg\"><img loading=\"lazy\" decoding=\"async\" class=\"alignleft size-full wp-image-2586\" src=\"https:\/\/instalaciondetarimas.com\/wp-content\/uploads\/colores-tarima-ipe.jpg\" alt=\"colores-tarima-ipe\" width=\"948\" height=\"239\" \/><\/a><\/p>\n<p>&nbsp;<\/p>\n<p>&nbsp;<\/p>\n<p>Nuestra premisa es aportar la m\u00e1xima calidad posible y para ello hacemos lo imposible, empleamos los materiales de la m\u00e1xima calidad y la profesionalidad acumulada a lo largo de toda <a href=\"https:\/\/instalaciondetarimas.com\/blog\/2015\/10\/16\/historia-de-la-tarima-de-ipe-del-brasil\/\" target=\"_blank\" rel=\"noopener\">la historia de la tarima, como la de ip\u00e9<\/a>, no s\u00f3lo nuestra experiencia, sino la experiencia de otros profesionales ya que investigamos y analizamos los problemas de otras instalaciones.<\/p>\n<p><a href=\"https:\/\/instalaciondetarimas.com\/wp-content\/uploads\/tarima-ipe-detalle.jpg\"><img loading=\"lazy\" decoding=\"async\" class=\"alignleft size-full wp-image-2566\" src=\"https:\/\/instalaciondetarimas.com\/wp-content\/uploads\/tarima-ipe-detalle.jpg\" alt=\"tarima-ipe-detalle\" width=\"802\" height=\"297\" \/><\/a><\/p>\n<p>M\u00e1ximo Ribas es dise\u00f1ador de interiores y exteriores, director de las instalaciones de instalaciondetarimas .com; licenciado en Bellas Artes. Asesor independiente y distribuidor de maderas de importaci\u00f3n.<\/p>\n<p>Le asesoramos, vendemos y realizamos <a href=\"https:\/\/es.wikipedia.org\/wiki\/Entarimado\" target=\"_blank\" rel=\"noopener\">la instalaci\u00f3n de tarimas<\/a> de exterior y si el cliente lo desea tambi\u00e9n se la instalamos.<\/p>\n<div id=\"attachment_2390\" style=\"width: 610px\" class=\"wp-caption aligncenter\"><a href=\"https:\/\/instalaciondetarimas.com\/wp-content\/uploads\/maderaelondo.jpg\"><img loading=\"lazy\" decoding=\"async\" aria-describedby=\"caption-attachment-2390\" class=\"size-full wp-image-2390\" src=\"https:\/\/instalaciondetarimas.com\/wp-content\/uploads\/maderaelondo.jpg\" alt=\"foto de instalaci\u00f3n de tarima exterior de Elondo\" width=\"600\" height=\"449\" \/><\/a><p id=\"caption-attachment-2390\" class=\"wp-caption-text\">foto de instalaci\u00f3n de tarima exterior de Elondo<\/p><\/div>\n<p>Todos nuestras instalaciones y materiales son de la m\u00e1xima calidad y con garant\u00eda total. Cumplimos con todas las normas de seguridad en el trabajo.<\/p>\n<p><span style=\"font-size: medium; font-family: arial,helvetica,sans-serif;\">| Venta directa en Espa\u00f1a y cualquier parte de Europa | <strong>636 52 04 08<\/strong> | <strong>91 890 51 61<\/strong> | <span style=\"font-size: medium;\"><a title=\"mailto:tarima@instalaciondetarimas.com?subject=\" href=\"mailto:tarima@instalaciondetarimas.com?subject=\">tarima@instalaciondetarimas.com<\/a><\/span> | | <a href=\"https:\/\/plus.google.com\/+Instalaciondetarimas\/posts\" target=\"_blank\" rel=\"noopener\">Puedes seguirnos en Google +\u00a0 <\/a>| <a href=\"https:\/\/www.facebook.com\/instalacionyventadetarimas\/\" target=\"_blank\" rel=\"noopener\">Facebook<\/a> | C\/ Retama 8. A. Puerta 19. 28200. Madrid |<\/span><\/p>\n<p><span style=\"font-size: medium; font-family: arial,helvetica,sans-serif;\">\u00a0<\/span><\/p>\n<p>&nbsp;<\/p>\n<!--CusAds0-->\n<div style=\"font-size: 0px; height: 0px; line-height: 0px; margin: 0; padding: 0; clear: both;\"><\/div>","protected":false},"excerpt":{"rendered":"<p>Instalaci\u00f3n de tarimas es una web de asesor\u00eda en suelos de tarima de madera maciza e instalaci\u00f3n de tarima. Instalamos, reparamos y vendemos tarima de exterior y de interior. Somos especialistas en la instalaci\u00f3n de tarima de exterior e interior. &nbsp; &nbsp; Nuestra premisa es aportar la m\u00e1xima calidad posible y para ello hacemos lo [&hellip;]<\/p>\n","protected":false},"author":1,"featured_media":0,"parent":0,"menu_order":0,"comment_status":"closed","ping_status":"closed","template":"","meta":{"footnotes":""},"class_list":["post-31","page","type-page","status-publish","hentry"],"yoast_head":"<!-- This site is optimized with the Yoast SEO plugin v27.1.1 - https:\/\/yoast.com\/product\/yoast-seo-wordpress\/ -->\n<title>QUIENES SOMOS EN INSTALACI\u00d3N DE TARIMAS - Ofertas de tarima maciza para suelos de interior<\/title>\n<meta name=\"robots\" content=\"index, follow, max-snippet:-1, max-image-preview:large, max-video-preview:-1\" \/>\n<link rel=\"canonical\" href=\"https:\/\/instalaciondetarimas.com\/quienes-somos\/\" \/>\n<meta property=\"og:locale\" content=\"es_ES\" \/>\n<meta property=\"og:type\" content=\"article\" \/>\n<meta property=\"og:title\" content=\"QUIENES SOMOS EN INSTALACI\u00d3N DE TARIMAS - Ofertas de tarima maciza para suelos de interior\" \/>\n<meta property=\"og:description\" content=\"Instalaci\u00f3n de tarimas es una web de asesor\u00eda en suelos de tarima de madera maciza e instalaci\u00f3n de tarima. Instalamos, reparamos y vendemos tarima de exterior y de interior. Somos especialistas en la instalaci\u00f3n de tarima de exterior e interior. &nbsp; &nbsp; Nuestra premisa es aportar la m\u00e1xima calidad posible y para ello hacemos lo [&hellip;]\" \/>\n<meta property=\"og:url\" content=\"https:\/\/instalaciondetarimas.com\/quienes-somos\/\" \/>\n<meta property=\"og:site_name\" content=\"Ofertas de tarima maciza para suelos de interior\" \/>\n<meta property=\"article:modified_time\" content=\"2022-07-22T22:34:23+00:00\" \/>\n<meta property=\"og:image\" content=\"https:\/\/instalaciondetarimas.com\/wp-content\/uploads\/colores-tarima-ipe.jpg\" \/>\n<meta name=\"twitter:card\" content=\"summary_large_image\" \/>\n<meta name=\"twitter:label1\" content=\"Tiempo de lectura\" \/>\n\t<meta name=\"twitter:data1\" content=\"2 minutos\" \/>\n<script type=\"application\/ld+json\" class=\"yoast-schema-graph\">{\"@context\":\"https:\/\/schema.org\",\"@graph\":[{\"@type\":\"WebPage\",\"@id\":\"https:\/\/instalaciondetarimas.com\/madera-maciza-interior\/quienes-somos-en-instalacion-de-tarimas\/\",\"url\":\"https:\/\/instalaciondetarimas.com\/quienes-somos\/\",\"name\":\"QUIENES SOMOS EN INSTALACI\u00d3N DE TARIMAS - Ofertas de tarima maciza para suelos de interior\",\"isPartOf\":{\"@id\":\"https:\/\/instalaciondetarimas.com\/madera-maciza-interior\/#website\"},\"primaryImageOfPage\":{\"@id\":\"https:\/\/instalaciondetarimas.com\/quienes-somos\/#primaryimage\"},\"image\":{\"@id\":\"https:\/\/instalaciondetarimas.com\/quienes-somos\/#primaryimage\"},\"thumbnailUrl\":\"https:\/\/instalaciondetarimas.com\/wp-content\/uploads\/colores-tarima-ipe.jpg\",\"datePublished\":\"2015-10-24T16:38:07+00:00\",\"dateModified\":\"2022-07-22T22:34:23+00:00\",\"breadcrumb\":{\"@id\":\"https:\/\/instalaciondetarimas.com\/quienes-somos\/#breadcrumb\"},\"inLanguage\":\"es\",\"potentialAction\":[{\"@type\":\"ReadAction\",\"target\":[\"https:\/\/instalaciondetarimas.com\/quienes-somos\/\"]}]},{\"@type\":\"ImageObject\",\"inLanguage\":\"es\",\"@id\":\"https:\/\/instalaciondetarimas.com\/quienes-somos\/#primaryimage\",\"url\":\"https:\/\/instalaciondetarimas.com\/wp-content\/uploads\/colores-tarima-ipe.jpg\",\"contentUrl\":\"https:\/\/instalaciondetarimas.com\/wp-content\/uploads\/colores-tarima-ipe.jpg\"},{\"@type\":\"BreadcrumbList\",\"@id\":\"https:\/\/instalaciondetarimas.com\/quienes-somos\/#breadcrumb\",\"itemListElement\":[{\"@type\":\"ListItem\",\"position\":1,\"name\":\"Portada\",\"item\":\"https:\/\/instalaciondetarimas.com\/madera-maciza-interior\/\"},{\"@type\":\"ListItem\",\"position\":2,\"name\":\"QUIENES SOMOS EN INSTALACI\u00d3N DE TARIMAS\"}]},{\"@type\":\"WebSite\",\"@id\":\"https:\/\/instalaciondetarimas.com\/madera-maciza-interior\/#website\",\"url\":\"https:\/\/instalaciondetarimas.com\/madera-maciza-interior\/\",\"name\":\"Ofertas de tarima maciza para suelos de interior\",\"description\":\"Ofertas de tarima maciza\",\"potentialAction\":[{\"@type\":\"SearchAction\",\"target\":{\"@type\":\"EntryPoint\",\"urlTemplate\":\"https:\/\/instalaciondetarimas.com\/madera-maciza-interior\/?s={search_term_string}\"},\"query-input\":{\"@type\":\"PropertyValueSpecification\",\"valueRequired\":true,\"valueName\":\"search_term_string\"}}],\"inLanguage\":\"es\"}]}<\/script>\n<!-- \/ Yoast SEO plugin. -->","yoast_head_json":{"title":"QUIENES SOMOS EN INSTALACI\u00d3N DE TARIMAS - Ofertas de tarima maciza para suelos de interior","robots":{"index":"index","follow":"follow","max-snippet":"max-snippet:-1","max-image-preview":"max-image-preview:large","max-video-preview":"max-video-preview:-1"},"canonical":"https:\/\/instalaciondetarimas.com\/quienes-somos\/","og_locale":"es_ES","og_type":"article","og_title":"QUIENES SOMOS EN INSTALACI\u00d3N DE TARIMAS - Ofertas de tarima maciza para suelos de interior","og_description":"Instalaci\u00f3n de tarimas es una web de asesor\u00eda en suelos de tarima de madera maciza e instalaci\u00f3n de tarima. Instalamos, reparamos y vendemos tarima de exterior y de interior. Somos especialistas en la instalaci\u00f3n de tarima de exterior e interior. &nbsp; &nbsp; Nuestra premisa es aportar la m\u00e1xima calidad posible y para ello hacemos lo [&hellip;]","og_url":"https:\/\/instalaciondetarimas.com\/quienes-somos\/","og_site_name":"Ofertas de tarima maciza para suelos de interior","article_modified_time":"2022-07-22T22:34:23+00:00","og_image":[{"url":"https:\/\/instalaciondetarimas.com\/wp-content\/uploads\/colores-tarima-ipe.jpg","type":"","width":"","height":""}],"twitter_card":"summary_large_image","twitter_misc":{"Tiempo de lectura":"2 minutos"},"schema":{"@context":"https:\/\/schema.org","@graph":[{"@type":"WebPage","@id":"https:\/\/instalaciondetarimas.com\/madera-maciza-interior\/quienes-somos-en-instalacion-de-tarimas\/","url":"https:\/\/instalaciondetarimas.com\/quienes-somos\/","name":"QUIENES SOMOS EN INSTALACI\u00d3N DE TARIMAS - Ofertas de tarima maciza para suelos de interior","isPartOf":{"@id":"https:\/\/instalaciondetarimas.com\/madera-maciza-interior\/#website"},"primaryImageOfPage":{"@id":"https:\/\/instalaciondetarimas.com\/quienes-somos\/#primaryimage"},"image":{"@id":"https:\/\/instalaciondetarimas.com\/quienes-somos\/#primaryimage"},"thumbnailUrl":"https:\/\/instalaciondetarimas.com\/wp-content\/uploads\/colores-tarima-ipe.jpg","datePublished":"2015-10-24T16:38:07+00:00","dateModified":"2022-07-22T22:34:23+00:00","breadcrumb":{"@id":"https:\/\/instalaciondetarimas.com\/quienes-somos\/#breadcrumb"},"inLanguage":"es","potentialAction":[{"@type":"ReadAction","target":["https:\/\/instalaciondetarimas.com\/quienes-somos\/"]}]},{"@type":"ImageObject","inLanguage":"es","@id":"https:\/\/instalaciondetarimas.com\/quienes-somos\/#primaryimage","url":"https:\/\/instalaciondetarimas.com\/wp-content\/uploads\/colores-tarima-ipe.jpg","contentUrl":"https:\/\/instalaciondetarimas.com\/wp-content\/uploads\/colores-tarima-ipe.jpg"},{"@type":"BreadcrumbList","@id":"https:\/\/instalaciondetarimas.com\/quienes-somos\/#breadcrumb","itemListElement":[{"@type":"ListItem","position":1,"name":"Portada","item":"https:\/\/instalaciondetarimas.com\/madera-maciza-interior\/"},{"@type":"ListItem","position":2,"name":"QUIENES SOMOS EN INSTALACI\u00d3N DE TARIMAS"}]},{"@type":"WebSite","@id":"https:\/\/instalaciondetarimas.com\/madera-maciza-interior\/#website","url":"https:\/\/instalaciondetarimas.com\/madera-maciza-interior\/","name":"Ofertas de tarima maciza para suelos de interior","description":"Ofertas de tarima maciza","potentialAction":[{"@type":"SearchAction","target":{"@type":"EntryPoint","urlTemplate":"https:\/\/instalaciondetarimas.com\/madera-maciza-interior\/?s={search_term_string}"},"query-input":{"@type":"PropertyValueSpecification","valueRequired":true,"valueName":"search_term_string"}}],"inLanguage":"es"}]}},"_links":{"self":[{"href":"https:\/\/instalaciondetarimas.com\/madera-maciza-interior\/wp-json\/wp\/v2\/pages\/31","targetHints":{"allow":["GET"]}}],"collection":[{"href":"https:\/\/instalaciondetarimas.com\/madera-maciza-interior\/wp-json\/wp\/v2\/pages"}],"about":[{"href":"https:\/\/instalaciondetarimas.com\/madera-maciza-interior\/wp-json\/wp\/v2\/types\/page"}],"author":[{"embeddable":true,"href":"https:\/\/instalaciondetarimas.com\/madera-maciza-interior\/wp-json\/wp\/v2\/users\/1"}],"replies":[{"embeddable":true,"href":"https:\/\/instalaciondetarimas.com\/madera-maciza-interior\/wp-json\/wp\/v2\/comments?post=31"}],"version-history":[{"count":2,"href":"https:\/\/instalaciondetarimas.com\/madera-maciza-interior\/wp-json\/wp\/v2\/pages\/31\/revisions"}],"predecessor-version":[{"id":1673,"href":"https:\/\/instalaciondetarimas.com\/madera-maciza-interior\/wp-json\/wp\/v2\/pages\/31\/revisions\/1673"}],"wp:attachment":[{"href":"https:\/\/instalaciondetarimas.com\/madera-maciza-interior\/wp-json\/wp\/v2\/media?parent=31"}],"curies":[{"name":"wp","href":"https:\/\/api.w.org\/{rel}","templated":true}]}}